, 31, 43, 1039
What are the prime factors of 124356599?
124356599
List the prime factors of 101740981.
2879, 35339
List the prime factors of 1077186109.
31, 101, 344039
What are the prime factors of 311048324?
2, 77762081
What are the prime factors of 653200970?
2, 5, 65320097
List the prime factors of 850174239.
3, 283391413
What are the prime factors of 1109695029?
3, 369898343
List the prime factors of 4761734371.
1109, 1759, 2441
What are the prime factors of 530946271?
530946271
What are the prime factors of 45765174?
2, 3, 7, 13, 79, 1061
List the prime factors of 23336606.
2, 11668303
What are the prime factors of 774670698?
2, 3, 19, 1367, 1657
What are the prime factors of 4061635?
5, 347, 2341
What are the prime factors of 137555710?
2, 5, 43, 319897
List the prime factors of 180164420.
2, 5, 9008221
List the prime factors of 1308291649.
7, 186898807
List the prime factors of 583766956.
2, 23, 6345293
List the prime factors of 2799467.
11, 157, 1621
List the prime factors of 86467476.
2, 3, 173, 41651
List the prime factors of 107111241.
3, 349, 421
What are the prime factors of 161922050?
2, 5, 47, 68903
List the prime factors of 35159795.
5, 11, 639269
What are the prime factors of 118599607?
7, 71, 3361
What are the prime factors of 4375857009?
3, 29, 127, 396041
List the prime factors of 57948932.
2, 47, 241, 1279
List the prime factors of 245120053.
245120053
What are the prime factors of 99581428?
2, 809, 30773
List the prime factors of 109620957.
3, 29, 1260011
List the prime factors of 155830194.
2, 3, 13, 17, 43, 911
List the prime factors of 3118767713.
3118767713
List the prime factors of 2635371173.
2635371173
What are the prime factors of 595234435?
5, 163, 829, 881
List the prime factors of 750966835.
5, 43, 3492869
List the prime factors of 12366696.
2, 3, 515279
What are the prime factors of 555400284?
2, 3, 359, 128923
What are the prime factors of 409847795?
5, 7, 97, 120721
What are the prime factors of 115942740?
2, 3, 5, 1932379
What are the prime factors of 27404777?
4013, 6829
What are the prime factors of 359168356?
2, 31, 2896519
List the prime factors of 596558922.
2, 3, 19, 5232973
List the prime factors of 235010752.
2, 31, 118453
List the prime factors of 130382096.
2, 13, 626837
List the prime factors of 1074997454.
2, 537498727
List the prime factors of 524158236.
2, 3, 7, 277, 2503
List the prime factors of 2098487840.
2, 5, 61, 211, 1019
What are the prime factors of 44236085?
5, 19, 465643
List the prime factors of 204491245.
5, 7, 5842607
List the prime factors of 87510920.
2, 5, 7, 37, 8447
List the prime factors of 4134021280.
2, 5, 401, 64433
What are the prime factors of 66564821?
631, 105491
List the prime factors of 1682831056.
2, 105176941
List the prime factors of 1626006539.
29, 56069191
List the prime factors of 35508501.
3, 7, 41, 59, 233
What are the prime factors of 1030045891?
7, 147149413
What are the prime factors of 378524204?
2, 167, 566653
What are the prime factors of 1409826794?
2, 2281, 309037
List the prime factors of 18733631.
7, 54617
List the prime factors of 56487553.
1259, 44867
List the prime factors of 45547226.
2, 29, 577, 1361
List the prime factors of 450554706.
2, 3, 7, 17, 151, 199
What are the prime factors of 1079013340?
2, 5, 337, 160091
List the prime factors of 352346100.
2, 3, 5, 1174487
List the prime factors of 728482692.
2, 3, 7, 67, 129439
What are the prime factors of 1129114294?
2, 7, 11, 79, 92809
List the prime factors of 175252525.
5, 7, 23, 43541
What are the prime factors of 28640170?
2, 5, 13, 151, 1459
List the prime factors of 122861185.
5, 24572237
List the prime factors of 5356859367.
3, 23, 353, 219931
What are the prime factors of 67582370?
2, 5, 6758237
What are the prime factors of 24693345?
3, 5, 73, 7517
List the prime factors of 159864202.
2, 47, 1700683
List the prime factors of 217447848.
2, 3, 661, 1523
List the prime factors of 18170493.
3, 11, 550621
List the prime factors of 16231205.
5, 101, 32141
List the prime factors of 5066445864.
2, 3, 73, 313, 9239
What are the prime factors of 68590452?
2, 3, 7, 29, 37, 761
What are the prime factors of 1358455917?
3, 7, 13, 4976029
List the prime factors of 6913213151.
13, 9397, 56591
List the prime factors of 939593253.
3, 313197751
What are the prime factors of 164952973?
131, 673, 1871
List the prime factors of 382820289.
3, 761, 167683
List the prime factors of 197774701.
197774701
List the prime factors of 853077767.
577, 1478471
What are the prime factors of 1360451940?
2, 3, 5, 127, 178537
What are the prime factors of 617897?
7, 103, 857
List the prime factors of 101850642.
2, 3, 41, 179, 257
What are the prime factors of 3444727378?
2, 31, 89, 624271
What are the prime factors of 767029467?
3, 67, 3816067
What are the prime factors of 4634831396?
2, 13, 67, 541, 2459
List the prime factors of 29077125.
3, 5, 7, 11, 19, 53
What are the prime factors of 58222356?
2, 3, 569, 8527
List the prime factors of 1365470608.
2, 1723, 49531
What are the prime factors of 96611961?
3, 32203987
What are the prime factors of 160105865?
5, 32021173
What are the prime factors of 48489992?
2, 1031, 5879
List the prime factors of 283808598.
2, 3, 47301433
List the prime factors of 53982746.
2, 29, 930737
List the prime factors of 1475780401.
47, 31399583
List the prime factors of 95590045.
5, 19, 131, 7681
What are the prime factors of 440232039?
3, 13, 3762667
List the prime factors of 162978.
2, 3, 23, 1181
What are the prime factors of 602690598?
2, 3, 11160937
List the prime factors of 45101176.
2, 5637647
What are the prime factors of 3237541341?
3, 23, 89, 409, 1289
List the prime factors of 140857984.
2, 173, 6361
What are the prime factors of 534091235?
5, 19, 157, 35809
What are the prime factors of 163518247?
23, 61, 116549
List the prime factors of 3078853735.
5, 615770747
List the prime factors of 688072115.
5, 5507, 24989
List the prime factors of 35701492.
2, 1153, 7741
List the prime factors of 2244693172.
2, 561173293
What are the prime factors of 27914015?
5, 5582803
List the prime factors of 481277355.
3, 5, 13, 189853
List the prime factors of 401937357.
3, 61, 613, 3583
List the prime factors of 903497010.
2, 3, 5, 13, 67, 71, 487
List the prime factors of 135983333.
135983333
What are the prime factors of 14630867?
14630867
What are the prime factors of 6223126064?
2, 10247, 37957
List the prime factors of 40634981.
17, 1493, 1601
What are the prime factors of 366527801?
7459, 49139
What are the prime factors of 104756315?
5, 20951263
List the prime factors of 82490360.
2, 5, 41, 179, 281
What are the prime factors of 25824511?
25824511
List the prime factors of 974969280.
2, 3, 5, 338531
What are the prime factors of 3233334816?
2, 3, 29, 101, 3833
What are the prime factors of 3416203531?
13, 262784887
What are the prime factors of 402986699?
71, 5675869
List the prime factors of 231496790.
2, 5, 7, 37, 89381
List the prime factors of 174442029.
3, 373, 155891
What are the prime factors of 48909737?
48909737
List the prime factors of 205831614.
2, 3, 17, 2017957
List the prime factors of 348863153.
348863153
What are the prime factors of 4153681?
7, 103, 823
List the prime factors of 472063444.
2, 118015861
List the prime factors of 263889329.
11, 31, 773869
What are the prime factors of 79852373?
31, 83093
List the prime factors of 157134117.
3, 7, 7482577
List the prime factors of 142388659.
7, 2905891
List the prime factors of 1513531324.
2, 37, 277, 36919
List the prime factors of 8072217864.
2, 3, 571, 65449
List the prime factors of 48773976.
2, 3, 491, 4139
What are the prime factors of 11275514?
2, 751, 7507
What are the prime factors of 140704651?
140704651
List the prime factors of 116003461.
7, 17, 974819
List the prime factors of 26491068.
2, 3, 313, 2351
List the prime factors of 3099687986.
2, 41, 1559, 24247
List the prime factors of 177422653.
983, 180491
What are the prime factors of 2619095354?
2, 7549, 173473
List the prime factors of 108137217.
3, 43, 293, 2861
What are the prime factors of 57482379?
3, 29, 2719
What are the prime factors of 112086626?
2, 53, 1057421
List the prime factors of 51689947.
23, 2247389
What are the prime factors of 16359671